e the greatest common factor of l and 144.
12
Suppose 8489 = 3*a - 5*y, -89*a = -92*a + 4*y + 8488. What is the highest common divisor of a and 28?
28
Suppose -621*l + 34616 = -22516. What is the highest common factor of 1081 and l?
23
Let i = 3617 + -3604. What is the highest common factor of 923 and i?
13
Let f be 0 + -3 + 11 + 876. Calculate the highest common divisor of f and 260.
52
Suppose -4*h = 4*y - 404, -y - 5*h = -95 + 10. Let r = -119 + 194. What is the greatest common factor of r and y?
15
Let t = -2817 + 2830. What is the highest common divisor of 1027 and t?
13
Suppose 5*r + 3*b = -812, 0 = r - 2*b + 127 + 38. Let p = 187 + r. What is the greatest common factor of p and 432?
24
Suppose t + 2 = 5. Let n = -4900 - -4914. What is the greatest common factor of t and n?
1
Let u = -459 - -779. Suppose 26*t - 22*t - u = 0. Calculate the greatest common divisor of t and 340.
20
Suppose 54*n = 38*n + 1024. Suppose -4 = v, 5*s - 6*v = -5*v + n. Calculate the greatest common factor of s and 16.
4
Suppose 0 = 2*m - m - 28. Let b be ((-2464)/880)/(2/(-15)). Calculate the greatest common divisor of b and m.
7
Let w = 0 + 22. Suppose -133*j - 10 = -131*j. Let y = 16 + j. What is the greatest common divisor of w and y?
11
Suppose -9*f - 1276 = -13*f. Let c = -17968 - -17979. What is the highest common factor of f and c?
11
Let l(q) = 15*q**3 - 16*q**2 + 60*q + 16. Let w be l(4). Calculate the greatest common factor of w and 1632.
96
Let k be 6/(1*3/(-4))*-340. Calculate the greatest common divisor of k and 640.
160
Let p be 2 + (-2)/10 + 66/55. Suppose u = 8 - p. What is the highest common factor of u and 25?
5
Let c(j) = -2*j**2 - 73*j - 130. Let k be c(-31). Suppose 9*i - 356 = k. Calculate the highest common factor of i and 45.
9
Suppose 7 - 13 = -3*s. Let m(q) = 5*q - 3. Let o be m(-6). Let c = o - -51. What is the highest common factor of s and c?
2
Suppose -49*z + 9*z - 2*z + 360024 = 0. Calculate the highest common factor of 4 and z.
4
Suppose -2*l = 3*m - 15, 6*m = 3*m + 4*l + 15. Suppose o - 286 = -m*n + 143, -2*o + 8 = 0. Calculate the greatest common factor of 51 and n.
17
Let s = -1722 - -1750. What is the greatest common divisor of s and 8764?
28
Suppose 3*d = 13*d + 1660. Let m = -51 + d. Let k = 337 + m. What is the highest common factor of 10 and k?
10
Let d be (-53)/(-11) - (-14)/77. Suppose d*c = -2*f + 1258, 0 = -5*c + 6*c + f - 254. What is the highest common factor of c and 50?
50
Let r(a) = 2*a**3 + 60*a**2 - 3*a - 84. Let h be r(-30). What is the greatest common factor of h and 31?
1
Let l be (-60)/210 + ((-6)/(-21))/1. Suppose l = 5*b + 709 - 769. Calculate the highest common divisor of 114 and b.
6
Let l(v) = -2*v + 5. Let d be l(-8). Let u(a) = -29*a + 687. Let g be u(22). What is the highest common factor of g and d?
7
Suppose 14*c = 772 - 3600. Let o = c - -242. Calculate the highest common divisor of o and 440.
40
Let u = -57 - -122. Let f = -39925 + 39951. What is the greatest common divisor of f and u?
13
Suppose -7*r + 263 = 235. Suppose -2*o = -r*k - 20, 4*o = 5*k + 20 + 14. Let a be 3/(-9) - 56/(-6). Calculate the greatest common divisor of o and a.
3
Let a = -51 + 73. Let i = -637 + 923. What is the greatest common factor of i and a?
22
Suppose -101*a = -48*a - 636. Suppose -a*l + 650 = -70. Suppose -4*g - k = -92, -5*g = 5*k - 109 + 9. Calculate the highest common factor of g and l.
12
Suppose -k = -0*k + 87. Let r be (-3)/12 + k/(-12). Let a(g) = g**2 - g - 9. Let d be a(r). What is the highest common factor of 66 and d?
33
Let a(o) = 98*o + 595. Let y be a(-5). Calculate the greatest common divisor of y and 455.
35
Let k be (2 + -2)*(-28)/112. Suppose k = 19*z - 1526 + 44. What is the greatest common factor of 741 and z?
39
Let g(m) = -4*m + 4*m + 0*m + m. Let h be g(2). Let q be 6 + (-1 - 1) + 1. Calculate the greatest common factor of q and h.
1
Let l(r) = -r**3 - 10*r**2 - 19*r - 7. Let f be l(-7). Let m = -13 + f. Let p = m + 59. Calculate the greatest common divisor of p and 100.
25
Let c = -4124 + 4839. What is the highest common factor of 3705 and c?
65
Let t be (-4)/(-7) - 10938/(-42). Suppose 0 = 6*u - t + 93. What is the highest common factor of u and 8?
4
Suppose -239 = 5*p + 4*o + 26, -4*p + 5*o = 253. Let v = p + 112. Suppose -3*h = -h - 4, 5*h - 15 = -k. Calculate the greatest common factor of k and v.
5
Let x(y) = -63*y**3 - y**2 + 1. Let t be x(-1). Let k = 9236 + -9152. Calculate the highest common factor of k and t.
21
Let b(d) = d**2 - 34*d - 115. Let p be b(42). What is the highest common factor of p and 1071?
17
Let g = 2523 - 2313. What is the greatest common factor of g and 120?
30
Suppose 0 = 6*u + 354 + 246. Let t be ((-17)/(-5) + -3)*u. Let q = -32 - t. What is the highest common factor of 4 and q?
4
Let a(y) = -35*y + 8. Let t be a(-7). Suppose 15 = 2*q - 5*n, q = 4*n - n + 8. Let d be 116/q - (-33)/(-165). What is the greatest common factor of t and d?
23
Suppose 50400 - 11982 = 3*t. What is the greatest common divisor of 38 and t?
38
Suppose 0 = 3*m - 8*m + 2*x - 677, -3*m - 410 = -5*x. Let f be (-71)/(-3) + (-180)/m. What is the highest common divisor of f and 10?
5
Let l be (-8)/6 - -2 - 17510/(-51). Suppose -29*n + 149 + l = 0. What is the greatest common factor of n and 34?
17
Let z be 3/((2 - -5)/7). Let x be z*2*-7*1/(-7). Calculate the highest common factor of x and 114.
6
Suppose 5*l - 2*l = 30. Let c(o) = -93*o + 308. Let f be c(11). Let j = -635 - f. Calculate the greatest common factor of j and l.
10
Let m = -2119 + 2264. Let t be 286/10 - (-8)/20. What is the greatest common factor of t and m?
29
Let l(x) = 12*x**2 + 9*x + 32. Let y(q) = -2*q**2 - 2*q - 1. Let b(d) = l(d) + 3*y(d). Let v be b(7). Calculate the greatest common factor of 8 and v.
8
Let g = -5017 - -5265. What is the highest common factor of 1147 and g?
31
Let a be (-8)/(-14) + 34656/(-133). Let h = a + 305. Calculate the highest common factor of 15 and h.
15
Suppose -5608 + 8457 = 259*t. Suppose -2135 = -5*b + 2265. What is the greatest common factor of b and t?
11
Suppose -3*k - 8 = -23, 3*m - 138 = -3*k. Let i = -420 + 425. Suppose r + 19 = i*g + 45, -2*r + 3*g = -73. What is the greatest common divisor of m and r?
41
Let n(q) = q + 61. Let o be -16 - (0 + 6 + -12). Let z be n(o). What is the highest common divisor of z and 6?
3
Let a be -24*128*5/(-30). What is the greatest common factor of a and 96?
32
Let d be 5/(5/6) - -2. Let x(u) = 2*u - 8 + 20 + u**2 - 12. Let v be x(2). What is the greatest common divisor of d and v?
8
Suppose 5*w = -2*m + 257, -31*w + 33*w = -6*m + 108. Suppose -5*i - 150 = -0*i. Let y = i + w. Calculate the highest common factor of y and 42.
21
Let o(i) = 5*i - 30. Let n be o(13). Let s be 4/((-3)/54*n + 2). Suppose 4*x = -16, -4*x = -2*d - x + 30. What is the greatest common factor of d and s?
9
Let a be 56 + -52 - (-2)/(-2 + 1). Suppose -2*v + a*c = -10, -8*v + 11*v = -5*c + 47. What is the greatest common divisor of 99 and v?
9
Suppose -2*n = 8 - 42. Suppose -u + 267 = 7*z, -770 = -5*u + 4*z + 877. Calculate the highest common divisor of u and n.
17
Let v(i) = -i**3 + 12*i**2 - 5*i - 22. Let z be v(13). Let p be 45/2*z/(-48). What is the highest common factor of 20 and p?
20
Let t be 3*1757/84 + 1/4. Suppose 12*s = 10*s + 10. Suppose 64 = 3*m - s*b, -2*b - 10 = 3*b. Calculate the greatest common factor of t and m.
9
Let z(q) = q**2 - 57*q + 1116. Let v be z(20). What is the highest common factor of v and 8?
8
Let q(f) = -1980*f - 2926. Let p be q(-2). What is the greatest common divisor of 235 and p?
47
Suppose 0 = -z + 3*o - 54 + 256, 384 = 2*z - o. What is the greatest common factor of 180 and z?
10
Suppose 4645*v - 499068 = 4618*v. What is the greatest common divisor of 4 and v?
4
Suppose 17*a - 26272 - 27 = 0. Calculate the highest common divisor of 476 and a.
119
Let r be ((-4)/(-3))/((-1)/(-6)). Suppose 3*l = 15, 1208 = -4*z - 21*l + 25*l. Let y = z + 305. What is the highest common factor of y and r?
8
Suppose 344*u = 387*u - 946. Let q(j) = -j + 7. Let y be q(4). Suppose y*z + 17 = 116. Calculate the highest common factor of u and z.
11
Let u(j) = 2*j + 50. Let x be u(-8). Let r(k) = -86*k + 3. Let f be r(-2). Suppose 0 = -4*m + 29 + f. Calculate the highest